{"id":21,"date":"2019-10-29T10:23:53","date_gmt":"2019-10-29T09:23:53","guid":{"rendered":"http:\/\/bildungsgeschichte.de\/?page_id=21"},"modified":"2023-02-27T17:22:57","modified_gmt":"2023-02-27T16:22:57","slug":"einreichen","status":"publish","type":"page","link":"https:\/\/bildungsgeschichte.de\/index.php\/informationen\/einreichen\/","title":{"rendered":"Data Paper einreichen"},"content":{"rendered":"\n<h1 class=\"wp-block-heading\">Inhaltliche und formale Richtlinien f\u00fcr Data Papers auf bildungsgeschichte.de<\/h1>\n\n\n\n<p>1.<strong>Inhalte\/ Themen<\/strong><\/p>\n\n\n\n<p>Die Data Papers thematisieren bildungshistorische Ressourcen (im Netz), die eine Relevanz f\u00fcr die Historische Bildungsforschung haben. Besteht Unsicherheit \u00fcber die Relevanz der eigenen Idee, kann dies durch R\u00fccksprache mit der Redaktion von bildungsgeschichte.de gekl\u00e4rt werden. Die Beitr\u00e4ge k\u00f6nnen eine unterschiedliche Form haben. Folgende Beitragsarten sind m\u00f6glich (es k\u00f6nnen auch verschiedene Aspekte in einem Beitrag miteinander verbunden werden):<\/p>\n\n\n\n<ul class=\"wp-block-list\"><li>Beschreibung eigener publizierter Forschungsdatens\u00e4tze oder \u2013korpora<\/li><li>Beschreibung einer Quellengattung und ihrem Vorkommen\/ihrer Auffindbarkeit im WWW<\/li><li>Einf\u00fchrende Beschreibung einer kuratierten Sammlung (z.B. Bibliografie oder eine Thematische Bildsammlung)<\/li><li>Beschreibung eines Repositoriums<\/li><li>Dokumentation einer Computerschnittstelle<\/li><li>Beschreibung eines Tools\/einer Forschungsumgebung<\/li><\/ul>\n\n\n\n<p>Anforderungen an die beschriebenen Daten bzw. Ressourcen:<\/p>\n\n\n\n<ul class=\"wp-block-list\"><li>Daten\/Ressourcen sollen dauerhaft erhalten werden und f\u00fcr andere Forscher*innen nachnutzbar sein (z.B. durch ein Archiv, einer Bibliothek oder ein Forschungsdatenzentrum)<\/li><li>Die Nutzung bzw. Nachnutzung der beschriebenen Ressourcen sollten \u00fcber einen klar beschreibbaren Weg unter weitestgehend gleichbleibenden Bedingungen m\u00f6glich sein, (z.B. frei verf\u00fcgbar im Netz, in einem \u00f6ffentlichen Archiv mit einer ver\u00f6ffentlichten Benutzungsordnung, in Bibliotheken, \u00fcber ein geregeltes Antragsverfahren bei einem Datenzentrum)<\/li><\/ul>\n\n\n\n<p><strong>2. Belege, Fu\u00dfnoten<\/strong><\/p>\n\n\n\n<p>Literaturverweise bitte insgesamt eher sparsam einsetzen. Zitate bitte vorzugsweise im Flie\u00dftext belegen, nicht in Fu\u00dfnoten. Grunds\u00e4tzlich sollen Fu\u00dfnoten ebenfalls nur sparsam f\u00fcr Kommentierungen bzw. weitere Erl\u00e4uterungen genutzt werden. Die Verlinkungen der Literatur werden \u00fcber die Bibliographie organisiert. <\/p>\n\n\n\n<p>Kurzform der Literaturangabe (zur vollst\u00e4ndigen Literaturangabe in einer Bibliographie s.u.) bitte folgenderma\u00dfen: Autor*in, Erscheinungsjahr der Publikation, evtl. Seite (Beispiel: W\u00f6ller, 2020, 32; bei mehreren Autor*innen: Baumert, Maaz, Neumann, Becker &amp; K\u00f6ller, 2017; mehrere Literaturangaben mit Semikolon trennen: W\u00f6ller, 2020, 32; Baumert, 2019).<\/p>\n\n\n\n<p><strong>3. Form, Umfang, Gliederung<\/strong><\/p>\n\n\n\n<p>Die Textl\u00e4nge eines Data Papers umfasst ca. 10.000 \u2013 15.000 Zeichen ohne Anmerkungen und Liste, Abweichungen sind nach R\u00fccksprache m\u00f6glich. Der Text sollte in k\u00fcrzere Abs\u00e4tze gegliedert, gegebenenfalls mit Zwischen\u00fcberschriften (nur auf einer Ebene) gestaltet sein. Die Redaktion beh\u00e4lt sich K\u00fcrzungen bzw. eine Ver\u00e4nderung der Gliederung im Hinblick auf Verst\u00e4ndlichkeit und leichtere Lesbarkeit vor. F\u00fcr die Einreichung der Beitr\u00e4ge setzen wir ein Arbeiten nach Leitlinien guter wissenschaftlicher Praxis voraus (siehe <a href=\"https:\/\/www.dfg.de\/download\/pdf\/foerderung\/rechtliche_rahmenbedingungen\/gute_wissenschaftliche_praxis\/kodex_gwp.pdf\">DFG Leitlinien zur Sicherung guter wissenschaftlicher Praxis<\/a>). Bei der Einbindung von Bildern oder dynamischen Inhalten sind die Rechte durch die\/den Autor*in gekl\u00e4rt. Verlinkungen verweisen auf zuverl\u00e4ssige, persistente Ressourcen.<\/p>\n\n\n<p><strong>4. Gendern<\/strong><\/p>\n<p><!-- \/wp:post-content --><\/p>\n<p><!-- wp:paragraph --><\/p>\n<p>Sofern m\u00f6glich, sollten geschlechtsneutrale Bezeichnungen verwendet werden (z. B. Forschende, Lehrende, Besch\u00e4ftigte). Alternativ sollten, soweit nicht einer bestimmten Gruppe ein klares Geschlecht zugeordnet werden kann, Gendersternchen (Asterisk) genutzt werden, also z.B. Sch\u00fcler*in (Singular) oder Sch\u00fcler*innen (Plural).<\/p>\n<p><!-- \/wp:paragraph --><\/p>\n<p><!-- wp:paragraph --><\/p>\n<p><strong>5. \u00dcberschrift und Teaser<\/strong><\/p>\n<p><!-- \/wp:paragraph --><\/p>\n<p><!-- wp:paragraph --><\/p>\n<p>Der*die Autor*in sollte sich f\u00fcr den Text eine m\u00f6glichst aussagekr\u00e4ftige, nicht zu lange \u00dcberschrift \u00fcberlegen, au\u00dferdem einen kurzen Teasertext, mit dem das Data Paper auf der Hauptseite von bildungsgeschichte.de und zudem auf Twitter angek\u00fcndigt werden kann (nicht mehr als 280 Zeichen).<\/p>\n<p><!-- \/wp:paragraph --><\/p>\n<p><!-- wp:paragraph --><\/p>\n<p><strong>6. Bibliographie<\/strong><\/p>\n<p><!-- \/wp:paragraph --><\/p>\n<p><!-- wp:paragraph --><\/p>\n<p>Optimal w\u00e4re es, wenn der*die Autor*in uns die Literaturliste in einem Austauschformat (also als Export aus einer Literaturverwaltung, z. B. Citavi oder Zotero) liefern k\u00f6nnte. Falls dies nicht m\u00f6glich ist, sollte die Literatur am Ende in einer Bibliographie aufgef\u00fchrt werden. Quellen und Literatur werden hier nicht unterschieden. Falls die betreffende analoge Publikation digitalisiert ist, bitte die Internet-Adresse in Klammern hinter der Literaturangabe vermerken, die Angabe wird dann von uns mit dem Link hinterlegt:\u00a0\u00a0<\/p>\n<p><!-- \/wp:paragraph --><\/p>\n<p><!-- wp:paragraph --><\/p>\n<p><strong><em>Monographien:\u00a0<\/em><\/strong><\/p>\n<p><!-- \/wp:paragraph --><\/p>\n<p><!-- wp:paragraph --><\/p>\n<p>Nachname, Vorname abgek\u00fcrzt (Erscheinungsjahr): Titel. Erscheinungsort: Verlag. (evtl. Internet-Adresse f\u00fcr Online-Referenz)<em>.\u00a0<\/em>Beispiel: Kurig, J. (2015): Bildung f\u00fcr die technische Moderne. W\u00fcrzburg: K\u00f6nigshausen &amp; Neumann.\u00a0<\/p>\n<p><!-- \/wp:paragraph --><\/p>\n<p><!-- wp:paragraph --><\/p>\n<p><strong><em>Zeitschriften-Aufsatz<\/em><\/strong><\/p>\n<p><!-- \/wp:paragraph --><\/p>\n<p><!-- wp:paragraph --><\/p>\n<p>Nachname, Vorname abgek\u00fcrzt (Erscheinungsjahr): Titel. In: Name der Zeitschrift Bandnr., Seitenanzahl. (digitale Referenz), Beispiel: Helsper, W. (2007):\u00a0Eine Antwort auf J\u00fcrgen Baumerts und Mareike Kunters Kritik am strukturtheoretischen Professionsansatz.\u00a0In: Zeitschrift f\u00fcr Erziehungswissenschaft 10, S. 567\u2013579.\u00a0<em>Falls digital:<\/em>\u00a0(<a href=\"https:\/\/doi.org\/10.1007\/s11618-007-0064-1\">https:\/\/doi.org\/10.1007\/s11618-007-0064-1\u00a0<\/a>)<\/p>\n<p><!-- \/wp:paragraph --><\/p>\n<p><!-- wp:paragraph --><\/p>\n<p><strong><em>Handbuch-Artikel<\/em><\/strong><\/p>\n<p><!-- \/wp:paragraph --><\/p>\n<p><!-- wp:paragraph --><\/p>\n<p>Tillmann, K.-J. (2014):\u00a0Konzepte der Forschung zum Lehrerberuf. In: Handbuch der Forschung zum Lehrerberuf. 2., \u00fcberarb. und erw. Aufl. M\u00fcnster: Waxmann, S. 308\u2013316.\u00a0<\/p>\n<p><!-- \/wp:paragraph --><\/p>\n<p><!-- wp:paragraph --><\/p>\n<p><strong><em>Internet-Publikation<\/em><\/strong><\/p>\n<p><!-- \/wp:paragraph --><\/p>\n<p><!-- wp:paragraph --><\/p>\n<p>Baumert, J.\/Maaz, K.\/Neumann, M.\/Becker, M.\/K\u00f6ller, O. (2017):\u00a0BERLIN-Studie: Zentrale Ergebnisse der wissenschaftlichen Begleitstudie zur Berliner Schulstrukturreform \u2013 Zusammenfassung f\u00fcr die Presse. (Abruf 1.2.2021). (https:\/\/www.berlin.de\/sen\/bildung\/politik\/bildungspolitik\/berlin_studie_2017_zentrale_ergebnisse.pdf)<\/p>\n<p><!-- \/wp:paragraph --><\/p>\n<p><!-- wp:paragraph --><\/p>\n<p><strong>7. Lizenz<\/strong><\/p>\n<p><!-- \/wp:paragraph --><\/p>\n<p><!-- wp:paragraph --><\/p>\n<p>Eingereichte Beitr\u00e4ge werden unter der Creative-Commons-Lizenz\u00a0<a href=\"http:\/\/creativecommons.org\/licenses\/by\/4.0\/\" target=\"_blank\" rel=\"noreferrer noopener\">Namensnennung 4.0 International Lizenz<\/a>\u00a0(CC BY 4.0) publiziert. Mit der Einreichung wird der Ver\u00f6ffentlichung unter dieser Lizenz zugestimmt.<\/p>\n<p><!-- \/wp:paragraph --><\/p>\n<p><!-- wp:paragraph --><\/p>\n<p><strong>8. Form der Einsendung der Beitr\u00e4ge<\/strong><\/p>\n<p><!-- \/wp:paragraph --><\/p>\n<p><!-- wp:paragraph --><\/p>\n<p>Das Data Paper sollte in einem g\u00e4ngigen Textverarbeitungsprogramm, m\u00f6glichst Word, eingesandt werden (redaktion@bildungsgeschichte.de), im Schrifttyp Times New Roman, 12 Punkt, ohne Silbentrennung und Blocksatz, ohne Unterstreichungen oder Markierungen in fett oder kursiv. F\u00fcr die Ver\u00f6ffentlichung sollte zudem ein Autor*innen-Foto mit eingeschickt werden, und eine ORCID-Nr. ist erforderlich. Diese Kennzeichnung wissenschaftlicher Autor*innen hat sich mittlerweile durchgesetzt.<\/p>\n<p>Der Beitrag soll zudem mindestens einem Stich-\/ Schlagwort der folgenden Kategorien zugeordnet werden k\u00f6nnen:<\/p>\n<ul>\n<li>Person<\/li>\n<li>Institution<\/li>\n<li>Epoche\/Zeit<\/li>\n<li>Ort\/Region<\/li>\n<li>Thema<\/li>\n<\/ul>\n<p><!-- \/wp:paragraph --><\/p>\n<p><!-- wp:paragraph --><\/p>\n<p><strong>9. Begutachtung<\/strong><\/p>\n<p><!-- \/wp:paragraph --><\/p>\n<p><!-- wp:paragraph --><\/p>\n<p>Eingereichte Beitr\u00e4ge werden durch die Redaktion begutachtet. Wir behalten uns vor, Beitr\u00e4ge zur \u00dcberarbeitung oder ganz zur\u00fcckzuweisen.<\/p>\n<p><!-- \/wp:paragraph --><\/p>","protected":false},"excerpt":{"rendered":"<p>Inhaltliche und formale Richtlinien f\u00fcr Data Papers auf bildungsgeschichte.de 1.Inhalte\/ Themen Die Data Papers thematisieren bildungshistorische Ressourcen (im Netz), die eine Relevanz f\u00fcr die Historische Bildungsforschung haben. Besteht Unsicherheit \u00fcber die Relevanz der eigenen Idee, kann dies durch R\u00fccksprache mit der Redaktion von bildungsgeschichte.de gekl\u00e4rt werden. Die Beitr\u00e4ge k\u00f6nnen eine unterschiedliche Form haben. Folgende Beitragsarten sind m\u00f6glich (es k\u00f6nnen auch verschiedene Aspekte in einem Beitrag miteinander verbunden werden): Beschreibung eigener publizierter Forschungsdatens\u00e4tze oder \u2013korpora Beschreibung einer Quellengattung und ihrem Vorkommen\/ihrer Auffindbarkeit im WWW Einf\u00fchrende Beschreibung einer kuratierten Sammlung (z.B. Bibliografie oder eine Thematische Bildsammlung) Beschreibung eines Repositoriums Dokumentation einer Computerschnittstelle Beschreibung eines Tools\/einer Forschungsumgebung Anforderungen an die beschriebenen Daten bzw. Ressourcen: Daten\/Ressourcen sollen dauerhaft erhalten werden und f\u00fcr andere Forscher*innen nachnutzbar sein (z.B. durch ein Archiv, einer Bibliothek oder ein Forschungsdatenzentrum) Die Nutzung bzw. Nachnutzung der beschriebenen Ressourcen sollten \u00fcber einen klar beschreibbaren Weg unter weitestgehend gleichbleibenden Bedingungen m\u00f6glich sein, (z.B. frei verf\u00fcgbar im Netz, in einem \u00f6ffentlichen Archiv mit einer ver\u00f6ffentlichten Benutzungsordnung, in Bibliotheken, \u00fcber ein geregeltes Antragsverfahren bei einem Datenzentrum) 2. Belege, Fu\u00dfnoten &hellip;<\/p>\n","protected":false},"author":2,"featured_media":0,"parent":724,"menu_order":0,"comment_status":"closed","ping_status":"closed","template":"","meta":{"footnotes":""},"class_list":["post-21","page","type-page","status-publish","hentry"],"_links":{"self":[{"href":"https:\/\/bildungsgeschichte.de\/index.php\/wp-json\/wp\/v2\/pages\/21","targetHints":{"allow":["GET"]}}],"collection":[{"href":"https:\/\/bildungsgeschichte.de\/index.php\/wp-json\/wp\/v2\/pages"}],"about":[{"href":"https:\/\/bildungsgeschichte.de\/index.php\/wp-json\/wp\/v2\/types\/page"}],"author":[{"embeddable":true,"href":"https:\/\/bildungsgeschichte.de\/index.php\/wp-json\/wp\/v2\/users\/2"}],"replies":[{"embeddable":true,"href":"https:\/\/bildungsgeschichte.de\/index.php\/wp-json\/wp\/v2\/comments?post=21"}],"version-history":[{"count":41,"href":"https:\/\/bildungsgeschichte.de\/index.php\/wp-json\/wp\/v2\/pages\/21\/revisions"}],"predecessor-version":[{"id":4485,"href":"https:\/\/bildungsgeschichte.de\/index.php\/wp-json\/wp\/v2\/pages\/21\/revisions\/4485"}],"up":[{"embeddable":true,"href":"https:\/\/bildungsgeschichte.de\/index.php\/wp-json\/wp\/v2\/pages\/724"}],"wp:attachment":[{"href":"https:\/\/bildungsgeschichte.de\/index.php\/wp-json\/wp\/v2\/media?parent=21"}],"curies":[{"name":"wp","href":"https:\/\/api.w.org\/{rel}","templated":true}]}}